 849 + -849)).
-111
What is ((5 - 0) + (-8 + -2 - 0) - -8) + -24?
-21
Evaluate (2 + 6 - -5) + 10 + -47 + -14.
-38
What is -16964 - -17077 - (0 - -43)?
70
Calculate -29 + (-2 - (20 + -13 + -21)).
-17
What is 30 + (-19 - -25) + 5 + (-1 - -4 - 2)?
42
What is 27 + -57 + (-83 - -19)?
-94
-60 - 38 - 16 - (4 + 0)
-118
Calculate 74 + 39 + -28 + 41 - 0.
126
Calculate 77 - 61 - (-61 + 0 + -34 + 28).
83
Calculate -42 - (1 - 29 - (2039 + -1889)).
136
-18 - (42 - 164 - (16 + -42))
78
Calculate -41 - (3 - -6 - (20 + -3)) - -1.
-32
(-24 - 22) + 55 + (4 + 38 - 1)
50
(86 + -133 - -51) + (-4 - -7) + 1 + -4
4
What is the value of 1 - 2 - 88 - (-74524 - -74498)?
-63
Calculate 2 + -1 - 2 - (-5633 + 5687).
-55
Calculate 0 + -8 + (20 + -4 - (-25 - -12 - 19)).
40
What is 4837 + -4730 - (129 + 3)?
-25
What is the value of 146 - (47 + (-44 + 26 + -16 - -11))?
122
(55 + -32 - 40) + (0 - -20) - -40
43
0 + 12 + (-10 - (-73 - (-17 + -12 - -11)))
57
Calculate -259 + 264 + (1 - (4 + -64)).
66
Evaluate -65 + 75 - (-9 + 1 + 63).
-45
29 + -77 + 54 + (-32 - 2)
-28
What is the value of 9 + -4 - (-3 - 0) - (-10 + 13 - 0)?
5
What is the value of (1 - (0 - -2) - (433 - 440)) + 35 + -32?
9
Evaluate (-33 - -2) + -9 + 9 + (-3 - 4) + 5.
-33
-68 + 1 + (100 + -25 - 111)
-103
63 + 1 - (-2523 + 2605)
-18
Calculate (148 - 136) + -4 + 4 + (1 - 5).
8
Evaluate (45 - 3) + (-4 - 19 - 7) + 20.
32
What is 2 + 30 + (3670 - 3720)?
-18
-376 - -335 - 84 - (4 + -1 - 2)
-126
Calculate (-11 - (5 + -17)) + -19 + 72 + 7 + -1.
60
Calculate -16 - -16 - -21 - 2 - 22.
-3
What is the value of -7 + 2 - (9 - 0 - -7)?
-21
Calculate (16 - 160) + 8 + 67.
-69
What is the value of -2 + -71 + (-110 - -130) + -7?
-60
-8 - (-17 - ((4 - -4) + -52) - (7 - 1))
-29
Evaluate 35 - (-15 - (8 + -13 - -9)).
54
Calculate (100 - 101) + (1 - -2) - (-20 - 15).
37
Calculate 15 + (0 - -1) + (-9 + -108 - -61).
-40
-52 + -63 + 9 + 21
-85
Calculate 263 + -252 + (-5 - 45).
-39
Calculate 4 + -36 - (27 + 4 - 33).
-30
Evaluate -23 + 19 + -3 + (-7 - (-1 - -1)).
-14
What is the value of -23 + (-4 - -43) - (-2 - 31)?
49
What is the value of 3 + (-3 - -11) - (-31 + (-37 - -18) + 4)?
57
Evaluate -236 - -274 - (0 + -5 - -10).
33
What is -4 + (17 + 0 - (32 + -2) - (-29 - 0))?
12
Evaluate 12 + (34 - 105) - -28.
-31
Calculate (37 - (-15 - -40) - 18) + -46 + (2 - 2).
-52
What is 1 - -42 - (-942 - -923)?
62
Calculate -5 - -29 - 4 - (53 - (0 + -3)).
-36
Evaluate -21 + 79 + (45 + -16 - 23).
64
Evaluate -3 + (29 - 3) - (-4 + -15).
42
Calculate 23 + 16 + 1 + -58 - (2 - (2 + 0)).
-18
-83 + (-63 + 202 - -40)
96
Calculate -210 + -140 + 300 + -77 + 0.
-127
What is the value of 81 - (-130 - (-97 - 4))?
110
-143 - ((23 - 46) + 3 + 11 + 6 + -1)
-139
Calculate 60 - (-55 + 102 + 13).
0
Calculate (331 - 331 - (1 + -84)) + 1 + 0 - -12.
96
Evaluate 80 - (26 + -39 + 12 + 22).
59
-30 + -2 - (506 + -508)
-30
What is (14 - 11 - 6) + 8 + -8?
-3
Evaluate 27 + -94 - (-5 - -2) - -7.
-57
-186 + 42 + 72 + (-2 - -28)
-46
What is the value of 1 - 9 - -3 - (30 + 28 + -5)?
-58
What is -30 + ((32 - 35) + 16 - -106)?
89
Evaluate 34 - 44 - (-1 - 92 - (-7 - -9 - -3)).
88
Calculate 10 - (-84 + 70 - (3 - 2) - -8).
17
What is (13 - 32 - (-2 - 10)) + (8 - 11)?
-10
What is -35 + 23 + 15 + -68 + -51?
-116
What is the value of -7 - 6 - (3 + -10 - (-2 - -1)) - -58?
51
Calculate -38 + 87 + -3 + -8 + 2 + -7.
33
Evaluate -1 + -108 + (-7525 - -7595).
-39
Calculate -94 - (-22 + -64 + -117).
109
What is ((47 - 27) + 28 - 34) + (-91 - 2)?
-79
Evaluate 18 - (67 + -32) - (8 + 9).
-34
Calculate 1 + 5 - (685 - 642).
-37
(-13 - (20 - (11 + 2) - 6)) + 35
21
What is -1 + -37 - (4859 - 4948)?
51
Calculate -52 - 1 - (25 - (104 + -45)).
-19
-2 + -6 + (-4055 - -3948)
-115
Evaluate (1 - -2) + -74 + 51 + -72.
-92
Calculate -9 + 10 + -13 + 109 + -131.
-34
Evaluate 226 - -152 - 338 - (53 + -1).
-12
What is -15 + 25 + 0 - (4 + 0) - (8 + -63)?
61
Evaluate -7925 - -7919 - (1 + 1 + 2 + -95).
85
What is -10 - 1 - (-20 + 13) - (7 - 53)?
42
-36 + (33 - 57) + 20 + -2
-42
Calculate 1 + 110 + (5 - (-5 - 0 - (-70 - -55))).
106
Calculate 58 + -55 + -63 - 20.
-80
Calculate -17 - (-15 + (-7 - -14)) - -19.
10
Calculate 20 + ((2 - -9) + 154 + -188 - 25).
-28
Evaluate 12 + (21 - (-32 + 20 - -52)).
-7
What is (-30 - -17 - (-99 + 7 + -3)) + 6 + -7?
81
What is the value of 1 + 9 + -61 - -9 - -7?
-35
-209 + 187 + (94 - -2)
74
What is 0 + -7 + 0 - (4 + (-82 - -30))?
41
What is -17 + -39 + 274 + -146?
72
What is (-48 - -26) + 32 - 44?
-34
(1670 - 1577) + -49 + -9
35
Evaluate 22 + 0 - (50 + (42 - (168 - 59))).
39
Calculate 8 + (4 - 10) + (24 - -10) + -62.
-26
What is 1150 - 1143 - (-3 - 6)?
16
What is 43 + (37 - -9) - (-3 + 0 + 16 - 0)?
76
Evaluate 75 - (29 + (-7 - -2) + 30 + -37).
58
What is the value of 6 + 5 + -28 + (-648 - -625)?
-40
What is (1 - -3) + -15 + (18 - 28) + 17?
-4
Calculate 0 - -50 - (-29 - (-1 + 3 - 33)).
48
What is -59 - ((-11 - 13) + -43)?
8
-70 + 7 + (29 - 7)
-41
What is the value of (99 - 1) + 482 + -511?
69
28 + 113 + -32 - 140
-31
(1 - (-7 + ((15 - 11) + 5 - -2))) + -27
-30
What is -1 - 12 - (1 - -7 - 19)?
-2
Evaluate -52 + -2 + -27 + 18 + 14.
-49
Evaluate (135 - 162) + (-6 - -22) + 80.
69
What is the value of 8 + -12 + -11 + (1 - 3) + -68?
-85
What is the value of -22 + (5 - (-2 - -9)) + 11 + -6 + 9?
-10
What is the value of 24 - (-20 + (18 - -24)) - 0?
2
(-3113 - -3173) + (3 + -6 - (1 - -1))
55
Evaluate 24 + (-40 - (-44 + -15)).
43
What is 12 + 0 - (-18 - -22) - (8 + -16)?
16
What is the value of 270 + -265 - (-81 + (6 - (-6 + 9)))?
83
What is (-1 - -24) + 12 + (-9 - 11 - -11)?
26
Calculate 5 - 11 - (-15 + -6 + 65).
-50
Evaluate (-2 - -9) + (6 - 1 - (-62 + 63 - -22)).
-11
Calculate -13 - (11 + 2 + (-52 - 10) + -9).
45
What is the value of -7 + -4 + 3 + (31 - 16 - (-1 + 6))?
2
Calculate -8 + -3 + -13 - -18 - -15.
9
What is the value of 2 + 23 + -199 + 189 + (25 - -1 - 0)?
41
48 + (-46 - 6) - (0 + -3 + -6)
5
Calculate 16952 + -16918 - (-54 + -1).
89
What is 138 + 79 + 49 + -301?
-35
What is the value of -17 + 23 + -22 + (-10 - (-108 - -1))?
81
Evaluate 177 - 49 - 29 - 138.
-39
Calculate 7 - (-34 + 35 + -14 + (-5 - 1)).
26
Calculate (-52 - (-34 - (-58 + 9))) + 41.
-26
Evaluate -61 + 139 + -166 + 103.
15
33 + -1 - (45 + -83 - -169)
-99
What is the value of 3 + -1 + (-3 + -12 - ((-35 - -43) + -29))?
8
What is the value of -6 - ((2 - 12) + 21 + -10 + (70 - 1))?
-76
What is the value of 6 + (-98 - (3 + -8)) + 37?
-50
Calculate 15 + -32 + 15 + 5 - (-14 - -27).
-10
-4 + (-8 - -2) - (-17 - -23) - -1
-15
-47 + 0 - (110 + (-64 - 70))
-23
What is 13 - 0 - (-1674 + 1716)?
-29
-4 + (7 - 25) + 36 + -46
-32
What is 16 - (0 + -2) - (-365 + 122 + 335)?
-74
Evaluate -2 + (1 - -1) - -6 - (-261 + 246).
21
What is (43 - 33) + (-15 + 59 - -2)?
56
What is the value of 10 - -18 - ((-48 - -17) + 32)?
27
(-28 - -21) + 3 + -11 - 25
-40
Calculate (12 - -72 - 91) + (-22 + -2 - 2).
-33
What is the value of -27 + 3 + (4 - 4) + 0 - (-234 - -237)?
-27
Calculate -4 + (1 - -20 - (27 + 10)).
-20
What is the value of -36 + -22 + 65 + -9 + 17?
15
Calculate 8 + -69 + 105 + 51.
95
What is the value of (-1 - 24) + (2722 - 2694)?
3
(3 - -17 - 1) + 4
23
What is 73 + -99 - 17 - (-3 + -29)?
-11
What is the value of (0 - 6) + (-37 + -10 + 24 - -18 - 7)?
-18
-13 + 2 + (-117 + (9 - 17) - -4) - -1
-131
Calculate -32 + -1 + (-3 - (0 + -1)) + (-1892 - -1898).
-29
Evaluate 10 + -10 + 10 + -12 - (-8 + (-25 - -5)).
26
4 + 27 + -2 + -1213 + 1208
24
What is 54 + -39 + (-2 - 14) + -9 + -13?
-23
What is -37 - ((-12 - 4) + -14) - 0?
-7
Calculate -2 - 48 - (-78 + 26).
2
Calculate 3 + (-5 + 5 - 13) + 4 - -20.
14
What is 0 + -1 - (-4 - -76 - (210 + -199))?
-62
Evaluate 42 - (21 + (-25 - (18 - 8))).
56
-7 + 6 + -7 + (211 - 139)
64
(-2 - (-7 + 39)) + (-21 - 0 - -24)
-31
Evaluate 25 - ((33 - 10) + -7 - 39).
48
Calculate 5 - (35 + -42 - 3 - -45) - (2 + 0).
-32
Evaluate (0 - -50) + -147 + 146 + -19 - -15.
45
-6 - (5 - 9) - (-48 + (-1 - -26 - 12))
33
What is the value of -1 - (-24 - (-4 - 0 - (42 + -51)))?
28
Calculate -150 + 0 - (-3 - (0 - -18)).
-129
(-2 - -3) + -2 + 1 + 9 + 448 + -395
62
What is 7 - (4 - 106) - (109 + -78)?
78
Evaluate (1 - (-7 + (-5 - -1 - -6))) + 1673 + -1672.
7
Evaluate -20 - (-90 + (14 + -4 - 2)).
62
Calculate (-18 - 0) + -7326 + 7376.
32
What is 2 - -20 